et p(g) = 18*g**3 + 25*g**2 - 156*g - 10. Give p(5).
2085
Let c(x) = 43677*x - 1179292. Calculate c(27).
-13
Let w(o) = -19*o**3 - 264*o**2 - 255*o + 3. Calculate w(-1).
13
Let y(n) = -74*n**2 - 1070*n + 363. Give y(-14).
839
Let z(d) = -3490*d + 691030. Give z(198).
10
Let h(n) = 7412*n - 229832. Give h(31).
-60
Let p(b) = -213951*b - 9841754. Determine p(-46).
-8
Let l(p) = -1687*p + 276670. Determine l(164).
2
Let v(s) = 42317*s + 507683. Calculate v(-12).
-121
Let i(z) = z**3 + 13*z**2 - 277*z - 414. Give i(12).
-138
Let n(w) = -3*w**2 + 1483*w - 16322. Give n(11).
-372
Let n(k) = k**3 - 13*k**2 + 197*k + 1059. Calculate n(-4).
-1
Let y(k) = -2*k**3 - 5*k**2 + 56*k + 134. Calculate y(-7).
183
Let b(j) = 839*j - 65205. Calculate b(80).
1915
Let r(c) = 172*c + 25992. What is r(-150)?
192
Let c(n) = 1430*n**2 - 14219*n - 799. Calculate c(10).
11
Let r(j) = j**2 - 152*j - 4238. Calculate r(-23).
-213
Let g(q) = -51080*q - 561862. What is g(-11)?
18
Let z(d) = -8*d**2 - 244*d + 368. What is z(-32)?
-16
Let h(u) = -256*u**2 - 3332*u + 7627. Give h(-15).
7
Let j(f) = 2*f**3 + 254*f**2 + 1678*f - 333. Determine j(-120).
-93
Let c(g) = -4*g**2 + 166*g - 1188. What is c(10)?
72
Let d(s) = s**2 + 10591*s - 10329520. Determine d(899).
-10
Let p(a) = 112*a**2 + 1009*a - 7. Determine p(-9).
-16
Let j(u) = -64*u**2 + 3432*u + 3431. Determine j(-1).
-65
Let t(a) = -4*a**2 - 324*a + 4766. What is t(-94)?
-122
Let p(h) = 419*h - 2245. What is p(5)?
-150
Let p(t) = 4*t**3 + 19*t**2 - 3800*t - 15238. Determine p(-4).
10
Let s(d) = 17*d**2 - 3741*d + 3953. Calculate s(219).
11
Let d(o) = -13*o**2 - 530*o + 869. What is d(-42)?
197
Let r(w) = -w**3 - 7*w**2 + 308*w + 2777. Calculate r(-10).
-3
Let m(q) = 21*q**3 + 2*q**2 + 748*q - 3811. Determine m(5).
2604
Let s(o) = -912560*o - 5475303. Calculate s(-6).
57
Let o(j) = -95*j**2 - 169*j - 174. Determine o(-1).
-100
Let u(r) = 5104*r - 398088. Calculate u(78).
24
Let n(t) = -t**2 + 139*t + 2053. What is n(-27)?
-2429
Let d(f) = -228*f**2 - 568*f - 568. What is d(-1)?
-228
Let u(d) = 2*d**2 + 81*d - 1788. Calculate u(17).
167
Let n(c) = 4*c**3 - 338*c**2 + 1127*c + 476. What is n(81)?
-91
Let v(g) = 8075*g - 371493. Give v(46).
-43
Let a(c) = -597*c + 2380. Determine a(4).
-8
Let q(i) = i**3 + 47*i**2 - 11*i + 246. Determine q(-47).
763
Let l(y) = -y**2 + 795*y - 113719. Calculate l(187).
-23
Let z(u) = -118*u + 3619. Determine z(31).
-39
Let d(y) = y**3 + 155*y**2 + 678*y + 80678. What is d(-154)?
-18
Let q(b) = -799*b - 36241. Determine q(-45).
-286
Let a(d) = -10*d**2 - 52*d + 862. What is a(7)?
8
Let y(k) = 6660*k + 1598410. Determine y(-240).
10
Let v(g) = -31578*g + 9220777. Determine v(292).
1
Let c(b) = -501*b - 1817. Give c(-8).
2191
Let a(b) = -1760525*b - 8802635. Calculate a(-5).
-10
Let w(f) = -41413*f - 206921. Give w(-5).
144
Let z(r) = 19*r**2 - 3051*r + 9171. Determine z(3).
189
Let g(x) = x**3 - 161*x**2 - 27*x + 4383. Determine g(161).
36
Let q(g) = -8*g**2 + 185*g + 644. Determine q(26).
46
Let d(l) = -l**3 - l**2 - 56*l - 670. What is d(-9)?
482
Let b(l) = 102*l - 164. Determine b(0).
-164
Let j(v) = -67469*v + 269875. Calculate j(4).
-1
Let i(o) = 15*o + 3458. What is i(-218)?
188
Let r(v) = -v**3 - 32*v**2 + 57*v + 3461. Determine r(-30).
-49
Let a(s) = 4021*s - 44199. Give a(11).
32
Let j(y) = -1212*y + 4200. Calculate j(3).
564
Let k(a) = -8*a**3 - 7*a**2 - 29*a + 80. What is k(2)?
-70
Let n(k) = 1909551*k + 3819100. What is n(-2)?
-2
Let t(c) = -278*c - 19343. Give t(-70).
117
Let o(j) = 321*j**2 + 5118*j - 94. Give o(-16).
194
Let d(x) = 869*x**2 - 19958*x - 676. Determine d(23).
-9
Let a(y) = -15*y**2 - 429*y + 1619. Give a(-34).
-1135
Let g(o) = -5113*o - 439712. Calculate g(-86).
6
Let f(o) = -9*o**2 + 667*o - 261. Calculate f(74).
-187
Let h(y) = -1535*y - 491242. Determine h(-320).
-42
Let b(z) = 358*z - 18625. Determine b(52).
-9
Let t(j) = -483*j**2 + 264*j - 603. What is t(2)?
-2007
Let g(h) = -139*h + 66255. Give g(476).
91
Let k(o) = o**3 + 78*o**2 + 2944*o + 32428. Determine k(-17).
9
Let p(h) = 2*h**3 - 17*h**2 + 563*h - 7770. Give p(12).
-6
Let f(q) = -24*q**2 - 481*q - 2331. Calculate f(-12).
-15
Let o(v) = 3*v**2 - 667*v + 21952. Determine o(40).
72
Let h(g) = -g**3 + 19*g**2 + 449*g - 8284. Calculate h(17).
-73
Let m(k) = -10318*k + 53360. Give m(5).
1770
Let h(w) = -5384*w - 102289. What is h(-19)?
7
Let x(i) = -i**3 - 11*i**2 - 1687*i + 18954. Give x(10).
-16
Let u(l) = -2*l**3 + 108*l**2 - 317*l + 552. Give u(51).
-9
Let u(g) = 11080*g**2 - 88630*g - 85. Give u(8).
-5
Let j(v) = 7*v**2 + 772*v + 2448. What is j(-107)?
-13
Let b(c) = 48*c**2 + 612*c + 69. Calculate b(-13).
225
Let t(q) = -9*q**3 + 270*q**2 + 8*q + 13. What is t(30)?
253
Let b(o) = -6512641*o - 26050563. Determine b(-4).
1
Let m(v) = -v**2 - 79*v - 816. Calculate m(-59).
364
Let b(i) = -161956*i. What is b(0)?
0
Let n(q) = -q**3 - 130*q**2 + 236*q - 40209. Calculate n(-134).
-9
Let j(l) = 10569*l**2 + 84634*l + 649. Calculate j(-8).
-7
Let o(l) = -l**3 - 178*l**2 - 1683*l - 446. What is o(-168)?
58
Let w(b) = b**2 + 4360*b + 279148. What is w(-65)?
-27
Let z(x) = -28*x**2 + 1531*x + 5492. Determine z(58).
98
Let v(x) = 8*x**2 - 1613*x + 13088. Calculate v(8).
696
Let q(m) = -m**2 + 105*m - 3565. Determine q(51).
-811
Let l(j) = 23*j**3 - 2062*j**2 - 718*j - 66. What is l(90)?
114
Let v(i) = 140*i**3 + 29962*i**2 + 423*i - 1056. Determine v(-214).
14
Let o(v) = v**3 + 38*v**2 - 2772*v - 108587. Give o(-41).
22
Let n(b) = -554*b - 16058. Give n(-30).
562
Let a(g) = -g**2 - 58335*g + 12999650. Give a(222).
-4
Let j(w) = -161*w**2 - 1395*w + 1. Give j(-8).
857
Let b(z) = 11019*z - 66105. What is b(6)?
9
Let n(h) = -h**3 - 37*h**2 - 961*h - 35552. Calculate n(-37).
5
Let y(f) = -f**2 + 14793*f + 3638472. What is y(-242)?
2
Let b(j) = 21*j**2 + 1119*j + 1910. Determine b(-54).
2720
Let t(q) = 4066*q - 175448. Calculate t(43).
-610
Let f(h) = 371*h + 10155. Calculate f(-28).
-233
Let h(s) = s**2 + 159*s + 3933. Give h(-125).
-317
Let g(a) = 2*a**3 + 5*a**2 - 14365*a + 57249. Calculate g(4).
-3
Let t(j) = 33693*j - 606468. Give t(18).
6
Let m(i) = i**3 + 1046*i**2 - 744551*i - 482. Determine m(486).
4
Let t(a) = 78084*a + 468492. Give t(-6).
-12
Let r(l) = 33504*l + 234294. What is r(-7)?
-234
Let s(y) = 4089*y + 49056. Give s(-12).
-12
Let s(d) = -2943*d - 276637. What is s(-94)?
5
Let a(z) = -6163*z - 73947. Give a(-12).
9
Let c(l) = -288*l**2 - 374*l - 57. Determine c(-1).
29
Let o(k) = 39509*k + 237106. Calculate o(-6).
52
Let g(q) = -21665*q + 1884860. Determine g(87).
5
Let h(p) = -p**3 + 110*p**2 + 3828*p - 384405. Determine h(114).
3
Let y(p) = -112*p + 187. Determine y(-5).
747
Let v(o) = 1758*o - 24632. What is v(14)?
-20
Let h(w) = -3897*w - 323452. What is h(-83)?
-1
Let g(v) = v**2 - 23*v - 7394. Calculate g(-74).
-216
Let c(q) = -6215*q + 447511. Determine c(72).
31
Let z(v) = -148*v**2 + 4476*v - 1342. What is z(30)?
-262
Let y(s) = 2*s**2 + 1810*s - 20256. Calculate y(11).
-104
Let x(s) = 13*s**2 + 3311*s + 3309. Give x(-1).
11
Let s(h) = -10*h**2 + 945*h - 9934. Calculate s(12).
-34
Let y(d) = d**3 + 110*d**2 + 1005*d + 62. Determine y(-10).
12
Let v(n) = 90510*n - 15386669. Calculate v(170).
31
Let o(z) = 142*z**2 - 368*z - 372. What is o(-1)?
138
Let a(r) = 6*r**2 - 1750*r + 2916. Determine a(290).
16
Let g(z) = 622*z - 156881. Calculate g(252).
-137
Let i(o) = -o**3 + 20*o**2 + 981*o - 58. What is i(-19)?
-4618
Let z(i) = -i**3 - 512*i**2 - 2084*i - 26428. What is z(-508)?
-12
Let r(s) = -s**2 + 400*s + 35606. Determine r(-75).
-19
Let o(t) = t**3 - 32*t**2 - 709*t - 6076. Determine o(49).
0
Let i(q) = 2*q**2 - 14396*q - 28739. Calculate i(-2).
61
Let b(w) = w**2 - 1603*w + 153097. Give b(102).
-5
Let l(j) = -104*j**3 + 19653*j**2 + 567*j + 23. What is l(189)?
23
Let b(k) = -155*k**2 - 2286*k + 9134. What is b(4)?
-2490
Let t(s) = s**3 + 63*s**2 - 654*s - 41193. Give t(-63).
9
Let u(l) = l**2 - 213*l - 4587. Give u(-20).
73
Let p(t) = -45473*t - 2046297. Calculate p(-45).
-12
Let m(k) = -2*k**3 - 40*k**2 + 63*k + 1251. Give m(-20).
-9
Let l(q) = 5*q**2 + 41*q - 323. What is l(8)?
325
Let y(p) = p**2 - 1664*p - 83756. What is y(-49)?
181
Let y(i) = -316*i - 1379. Calculate y(-10).
1781
Le